e prime factors of (n + 2)/((-3)/3).
5
Let f(l) = -l**3 - 11*l - 4*l**2 + 6*l + 4*l. List the prime factors of f(-4).
2
Suppose -6*j + 3*j - 3 = 0, -29 = -4*t + j. Let g be (-1 + t)*2/(-2). What are the prime factors of g*-1*3/6?
3
Suppose -148 = -4*h - y, 0 = h + 2*h - 4*y - 130. What are the prime factors of h?
2, 19
Suppose 4*j - 6 = 14. Suppose -3*h + 2*u = -21, -3*u + j = -3*h + 23. What are the prime factors of h?
3
Let x = -10 - -9. What are the prime factors of (49 - 0) + -1 + x?
47
Let j(o) = o**3 - 5*o**2 - 6. Let g be j(6). Suppose k - 3*k = 10, 5*y = -4*k + g. List the prime factors of y.
2, 5
Suppose 3 = 4*p - 5. Suppose p*k = 6*k - 72. List the prime factors of k.
2, 3
Let c(o) = -35*o + 13. List the prime factors of c(-4).
3, 17
Let a(t) = -5*t - 4. Let x be a(-6). Let p = x + -17. What are the prime factors of p?
3
Let h(w) = 3 + 0 + 6*w - 5. List the prime factors of h(2).
2, 5
Let g = 6 - 13. List the prime factors of 2 + -4 - 2*g.
2, 3
Let k(h) = h**2 - 4*h + 3. Let s = 17 + -11. What are the prime factors of k(s)?
3, 5
Let a(f) = -3*f**3 + f**2 - f + 1. Let m be a(1). List the prime factors of (-12)/((-1)/(m/(-2))).
2, 3
Suppose 4*r = -4*t + 184, 2*r + 3*t = -2*r + 187. Let j = r - 16. List the prime factors of j.
3, 11
Let n = -23 + 40. List the prime factors of n.
17
Let l be (46/2)/(-1 + 0). Let j = 32 + l. What are the prime factors of 16/j + (-8)/(-36)?
2
Let y = 315 + -196. List the prime factors of y.
7, 17
Let o = -9 + 13. Suppose o*g = 5*g - 3. Suppose 3 = -g*i, -4*i + 2 = 3*q - 0. List the prime factors of q.
2
Let d(v) be the first derivative of -1/2*v**2 - 1 + 12*v. What are the prime factors of d(9)?
3
Let q(f) = f + 14. Let j be q(-5). Let n(o) = o**2 - 6*o - 7. What are the prime factors of n(j)?
2, 5
Let o(m) = -m**2 + 10*m. Let b(x) = x - 1. Let s be b(9). Let y be o(s). Suppose i = 5*i - y. What are the prime factors of i?
2
Let i(g) = 2*g + 2. Let x be i(9). Suppose -4*t - 184 = -4*z - 0*t, -5*t = -x. Suppose -4*w - 10 = -z. List the prime factors of w.
2, 5
Suppose -4*y = o + 3 + 2, -y = -5*o + 17. Suppose o*g + 5*x - 2 = 0, 0*g - g = -x - 6. Suppose 0*m + m = -2*d + 6, 8 = m + g*d. List the prime factors of m.
2
Let c(z) = 2*z - 18. List the prime factors of c(15).
2, 3
Let p(q) = q - 14. Let b be p(12). Let h(v) be the third derivative of -v**6/60 - v**5/30 - v**4/8 - v**3/3 - v**2. What are the prime factors of h(b)?
2, 3
Let i = 19 - 29. Let b(n) = 2 - 6*n - 5*n - n**2 - 2 - 7. What are the prime factors of b(i)?
3
Let o(u) be the first derivative of -u**5/120 + u**4/24 + u**3/3 - 1. Let j(r) be the third derivative of o(r). List the prime factors of j(-7).
2
Suppose -5*h - 8 = k, h + 4*h + 20 = -5*k. Let p = 54 + k. Suppose 3*o + 4*f = p, -4*o + 5*f + 75 = 7. List the prime factors of o.
17
Let k(b) be the second derivative of b**6/720 + b**5/8 + b**4/12 - b. Let r(h) be the third derivative of k(h). List the prime factors of r(-9).
2, 3
Let n be ((-49)/(-21))/((-2)/(-18)). What are the prime factors of 723/n + (-15)/35?
2, 17
Suppose -5*f = 2*a - 6, f + 0 = -3*a - 4. Suppose -g - f + 33 = 0. List the prime factors of g.
31
Let s = 50 - 20. List the prime factors of s.
2, 3, 5
Suppose 4*r - 1 - 31 = 4*s, -3*s = -15. Let q = -22 + r. Let f = -6 - q. What are the prime factors of f?
3
Let b be -2 - (-1 + -3 + -1). Suppose 8*d - 3*d + 24 = b*o, -4*d = 12. Suppose o*c + 30 = 6*c. What are the prime factors of c?
2, 5
Let r(s) = s**2 + 10*s - 15*s - s + 2. What are the prime factors of r(7)?
3
Suppose 22 = -2*d + 90. List the prime factors of d.
2, 17
Let o = 9 - 11. Let q be (-1)/o*(1 + 3). Suppose 0 = -q*a + 12 - 2. What are the prime factors of a?
5
Let w = -3 + 6. Suppose 0 = -w*c + 4*c. Suppose c = -t - 0*t + 9. List the prime factors of t.
3
Let m = -219 - -365. List the prime factors of m.
2, 73
Let v be -2 - (24/3)/(-1). Suppose -b + v*b = 65. What are the prime factors of b?
13
Suppose -3*z + 2 = 4*n + 2*z, -4*z = 4*n. Let j = 5 + n. What are the prime factors of j?
3
List the prime factors of (1*4)/(1/6).
2, 3
Let g be (-154)/4 + 5/10. Let s = g + 83. What are the prime factors of s?
3, 5
Let a(s) = s**3 - 5*s**2 + 2. Let z be a(5). Suppose -5*j = f - 129, -5*j = z*f - 0*f - 128. List the prime factors of j.
2, 13
List the prime factors of (-1)/2 + 33/6.
5
Suppose 2*h - 4*h + 6 = 0. Suppose 2*l - c - 35 = 9, -5*l + h*c + 111 = 0. Suppose 0 = -5*j + l + 4, 3*r = -j + 35. List the prime factors of r.
2, 5
Let z = 26 - 20. Suppose z*j = j + 170. List the prime factors of j.
2, 17
Suppose 2*j = 45 + 21. List the prime factors of j.
3, 11
Let h(v) = 4*v**2 + v. Let l = -9 + 8. What are the prime factors of h(l)?
3
Let b(j) = -2*j + 8. List the prime factors of b(-5).
2, 3
Suppose -k + 0*k + 4 = 0. What are the prime factors of k?
2
Let v = -43 - -161. List the prime factors of v.
2, 59
Let x(w) = 2*w**2 + 8*w - 1. Let l be x(-6). Let c = l + 16. What are the prime factors of c?
3, 13
Let y be (-17)/(-5) - 6/15. Suppose n = y*n - 16. Suppose -3*d = -n*d + 70. What are the prime factors of d?
2, 7
Let f(i) = 6*i**2 - 2*i + 1. Let w be 3 + (2 - 2) + -2. Let t be f(w). Suppose 0 = -t*p + 16 + 14. List the prime factors of p.
2, 3
What are the prime factors of -511*((-30)/7 + 4)?
2, 73
Suppose -m - 3 + 0 = -5*t, -5*m = 15. Suppose 6*h - 4*h + 100 = 5*w, t = 4*h. List the prime factors of w.
2, 5
Suppose s - 3 = 2. Suppose -4*i = 2*l - s*i - 53, 9 = 3*i. What are the prime factors of l?
2, 7
Let y(p) be the third derivative of -p**5/60 - p**4/12 + p**3/3 - p**2. Let m be 1/(-2)*(-4)/(-1). List the prime factors of y(m).
2
Let t(k) = k - 4. Let y be t(-5). Let l(p) = 17*p**2 - p. Let q be l(1). Let o = y + q. List the prime factors of o.
7
Let k(u) = 5*u**2 + 2*u + 4. Let y be k(-3). Suppose 0 = 5*j + 4*x - y, 35 = 5*j - 3*x + 6. What are the prime factors of j + (1 - (2 + 1))?
5
Suppose 0 = 4*s - 84 - 96. Suppose 0 = -2*x - 3*x + 25. Suppose -31 = -0*b - 4*b - c, -x*b = -5*c - s. What are the prime factors of b?
2
What are the prime factors of ((-2)/(-3))/((-374)/75 + 5)?
2, 5
Suppose -3 = -m + 3*t, 2*m - 12 - 2 = 2*t. What are the prime factors of m?
3
Suppose -5 = 3*v - 0*y + y, -v - 5*y = -3. Let g(i) be the second derivative of -i**3/2 + i**2 - 9*i. List the prime factors of g(v).
2
Let c(x) be the first derivative of -8/3*x**3 + 2*x + 4 + 1/2*x**2 + 1/4*x**4. List the prime factors of c(8).
2, 5
Let o = 9 - 4. Suppose 0*z = -z + o. What are the prime factors of z?
5
Suppose 0 = 6*a - 5*a - 18. Suppose 0 = -0*r - 3*r + a. What are the prime factors of r?
2, 3
Let h be 9 - 0/((-4)/2). Suppose o - 4*r = 28, 3*o + 0*r = -3*r + h. Suppose 2*c - 22 = -o. List the prime factors of c.
7
Let b be 0/(1 + (-5 - -3)). Suppose -a + f = -18 - 3, -3*a - 5*f + 79 = b. List the prime factors of a.
23
Suppose 4*j = 3*z + 21, -6*z - 24 = -3*j - z. Let v be 12 + j + -6 + 3. What are the prime factors of ((-33)/(-12))/(3/v)?
11
Suppose -l = -99 - 41. What are the prime factors of l?
2, 5, 7
Let w(t) = -3*t**2 - 25*t - 15. Let n(o) = -2*o**2 - 13*o - 8. Let r(v) = 5*n(v) - 3*w(v). What are the prime factors of r(9)?
2, 7
Let r(f) = 20*f - 1. What are the prime factors of r(1)?
19
Suppose -2*m - 67 = -173. Suppose 0 = 3*v + j - m, 0 = -v - 3*j + 6 + 17. What are the prime factors of v?
17
Suppose -3*y + 0*i = 5*i - 40, -2*i = -y - 5. Suppose 2 = y*m + 7, -4*b + 2*m + 22 = 0. Suppose -3*x = 4*q - 11 - 17, b*x + q = 41. List the prime factors of x.
2
Let r be 34/10 - 2/5. Suppose -r*b = -188 - 4. Suppose 0*g + 3*g + 63 = 5*k, 4*g = 5*k - b. List the prime factors of k.
2, 3
Suppose -25 = -0*l + 5*l, 3*l = -4*g - 11. List the prime factors of (-1 + g - -1)*11.
11
Suppose 0 = 4*c - 7*c + 132. What are the prime factors of c?
2, 11
Let h be (20/(-3))/(5/(-60)). Let l = -38 + h. List the prime factors of l.
2, 3, 7
Suppose -b - b + 10 = 0. Let v = 3 + b. What are the prime factors of v?
2
Suppose 5*c - 30 = -5*o, o + 4*c - 5 - 1 = 0. Let y(m) = 2*m + 1. What are the prime factors of y(o)?
13
What are the prime factors of ((-10)/2*-6)/1?
2, 3, 5
Let v be (-1*2)/((-8)/(-20)). Let q = v - -10. Let u(y) = -y**2 + 8*y - 7. List the prime factors of u(q).
2
Let b(a) = a**3 + a**2 + 1. Let y(c) = -3*c**3 + 3*c**2 - 7*c + 7. Let w(